e v = x*r + 17, -2*v - 5*r + 1 = -11. What is the remainder when 31 is divided by v?
9
Let l = -55 + 89. Calculate the remainder when l is divided by 12.
10
What is the remainder when 287/17 + 8/68 is divided by 9?
8
Suppose 136 = 4*i + 36. Let q(l) = l**3 - 12*l**2 + 12*l + 2. Calculate the remainder when i is divided by q(11).
12
Suppose 2*b = -2*b + 60. What is the remainder when b is divided by 8?
7
Let y(f) = -12*f + 3. Let c be y(5). Calculate the remainder when 73 is divided by 12/18*c/(-2).
16
Suppose 11*n - 13*n = -18. Calculate the remainder when n is divided by 3.
0
Suppose -6*s - 418 = -1390. What is the remainder when s is divided by 33?
30
Suppose -6*f + 9*f = 48. Calculate the remainder when 59 is divided by f.
11
What is the remainder when (7 + -6)/((-1)/(-29)) is divided by 8?
5
Let v be (0 + (-2 - -1))/1. What is the remainder when v + (4*-2)/(-2) is divided by 2?
1
Let a = 186 + -172. Calculate the remainder when 137 is divided by a.
11
Suppose 3*b - 120 = -0*b. Let l(o) = o - 5. Let z be l(8). Suppose 43 = 2*t - z*q, -5*q + 6 - 31 = 0. What is the remainder when b is divided by t?
12
Suppose f - 24 = 30. Calculate the remainder when f is divided by 14.
12
Suppose 186 - 76 = 5*t. Suppose -4*h + 0*p - 2*p + t = 0, 2*p + 34 = 4*h. Suppose 2*l - 2 = 6. What is the remainder when h is divided by l?
3
Suppose 0 = -3*k - k. Suppose k = -4*c + 91 + 133. Calculate the remainder when c is divided by 19.
18
Let w(x) = -7*x - 5. Suppose -y - 4*f = 15, 0 = f + f. Let u = y - -9. Calculate the remainder when w(u) is divided by 19.
18
What is the remainder when 67 is divided by 12/8*56/6?
11
Let k = 44 - 33. What is the remainder when 64 is divided by k?
9
Suppose 2*j + w - 20 = 4*w, -w = -2*j + 16. Let z = 5 + -3. Suppose -z*p + 95 = 3*p. What is the remainder when p is divided by j?
5
Let f = 32 - -2. Calculate the remainder when 64 is divided by f.
30
Suppose -4*b + 12 = -b. Suppose 5*h - 85 = -5*d, 4*d - d = b*h - 68. Calculate the remainder when 33 is divided by h.
16
Suppose -k - 7 = 8. Calculate the remainder when 79 is divided by (k/(-4))/((-18)/(-96)).
19
Let u = -7 + 17. Suppose -44 = -4*w - 3*t, 2*w + 2*t = -2*t + 32. Calculate the remainder when (0 + -17)/(7 - w) is divided by u.
7
Let g be (-3)/(-5) + (-119)/(-35). Suppose g*y - 30 = -y. Calculate the remainder when 11 is divided by y.
5
Let f be 1 - (32 - (2 + 1)). Calculate the remainder when 99 is divided by 4/14 - 944/f.
31
Let i(p) = 4*p**2. Let v be i(1). Suppose v*l = -r - 14, 0*r + 3*r = 5*l - 25. What is the remainder when (-156)/10*r/4 is divided by 14?
11
Suppose 4*q = g - 10, 2*g - 5*q - 30 = -g. Calculate the remainder when 27 is divided by g.
7
Let j be (-18)/(-24) - (-18)/8. Suppose 2*s = 23 - j. What is the remainder when s is divided by 4?
2
Let u(k) = -k - 9. Let b be u(-9). Let g be 1/(-1)*-5 + -1. Suppose -g*v + 32 = -b*v. Calculate the remainder when v is divided by 5.
3
Let s = -71 - -101. Suppose -s = -n - 2*n. What is the remainder when 29 is divided by n?
9
Let b(m) = m**2 - 3*m - 8. Let j be b(10). Suppose j = 2*c - 6. What is the remainder when c is divided by (-16)/(-6)*9/2?
10
Suppose k = 4*j - 75, 0 = 4*j + 5*k - 37 - 68. Calculate the remainder when j is divided by 9.
2
Suppose 5*u + q + 2 - 6 = 0, 0 = -2*u - 5*q - 3. Suppose 0 = 5*t + 2*x - 13, 4*t + 0 - 7 = -5*x. What is the remainder when t is divided by u?
0
Suppose -m + 2 = m. What is the remainder when (-6)/9 + 11/3 is divided by m?
0
Let u(s) = -5*s - 1. Suppose 5*p + 2*c - 6 = -2*c, 4*p - c = -12. Calculate the remainder when u(p) is divided by 5.
4
Let d(v) = v**2 + 2*v + 7. Let c be d(5). Suppose -5*p + 8 = -c. Let j = 12 + -8. Calculate the remainder when p is divided by j.
2
Let j(r) = r + 7. Let z be j(-7). Suppose -5*t + z*f - 3*f = -30, -12 = -2*t + 3*f. Calculate the remainder when 57*1*2/t is divided by 7.
5
Suppose -5*t = -3*q + 42, -3*q + 60 = 2*t - t. Let j = 6 - 4. What is the remainder when (4 - 2)*(q - j) is divided by 18?
16
Suppose -2*z = -38 + 8. Calculate the remainder when 29 is divided by z.
14
Suppose 3*c + f - 13 = 0, 16 = c - 5*f + 3*f. Calculate the remainder when 33 is divided by c.
3
Suppose -u = 3*l - 26, 4*u - 5*u - 5*l = -32. What is the remainder when 76 is divided by u?
8
Let h(y) = -3*y**3 + y**2 + 4*y - 2. Calculate the remainder when h(-2) is divided by 12.
6
Let t = 12 + 17. Calculate the remainder when t is divided by 10.
9
Suppose -4*u + 9 = 3*h - 34, 0 = 3*u + 2*h - 32. What is the remainder when 2/5 - (-86)/u is divided by 6?
3
Let r(c) = c**3 - 4*c**2 - 4*c - 3. Let a(n) = -n - 1. Let u(l) = l**3 + 8*l**2 + 2*l + 11. Let f be u(-8). What is the remainder when a(f) is divided by r(5)?
0
Let q(d) = 0*d**2 - 7 + 0*d**2 - d**2 + 11*d. Let p(w) = 19*w + 4. What is the remainder when p(3) is divided by q(7)?
19
Let r(o) = -o**3 + 6*o**2 + 8*o - 4. Let h be r(7). Suppose h*f - f + 6 = 0. Let v = 4 - f. Calculate the remainder when 20 is divided by v.
6
Let m(a) = 4*a**2 - a. Suppose 6*c + 24 = 9*c. Calculate the remainder when c is divided by m(1).
2
Suppose -3*v = 7*i - 3*i - 89, 3*v + 118 = 5*i. Calculate the remainder when i is divided by 13.
10
Let o = 161 + -88. Suppose -d - 2 = -1, a = -d + 22. Let v = o - a. What is the remainder when v is divided by 17?
16
Let a(z) = -z**2 + 6*z + 4. Let s(b) = 6*b**3 - b + 1. Let y be s(1). What is the remainder when a(y) is divided by 2?
0
Let m(v) = v**3 + 5*v**2 - v - 1. Let p be m(-5). Suppose -p*f - 54 = -f. Let l = -6 - f. Calculate the remainder when 35 is divided by l.
11
Let a be ((-9)/((-27)/6))/(-1). Let u(q) = -4*q**3 + q**2 + q + 4. Calculate the remainder when u(a) is divided by 14.
10
Suppose -6*d + 260 = -d. Let h(r) = 1 + 8*r**3 - r**2 - 8*r**3 + 1 + 3*r**3 - 2*r. Calculate the remainder when d is divided by h(2).
16
Let i = -8 + 11. Suppose -2*t - i*t + 3*r = -28, r = -2*t + 20. What is the remainder when 15 is divided by t?
7
Suppose -18 = -5*k - 3*v, -16 = 2*k - 6*k - 4*v. Suppose -7 = -k*t + 2. Let q = 0 + t. Calculate the remainder when 10 is divided by q.
1
Suppose 12*m + 9 = 13*m. Suppose 3*w + 2*b - 23 = b, -b = w - m. Calculate the remainder when (-3)/9 - (-58)/3 is divided by w.
5
Suppose 2*b - 5*s = -4*s + 4, 0 = 5*b + 2*s - 10. Let f be -2 - 0 - (-29 + b). Suppose -f = -3*t + 8. What is the remainder when 31 is divided by t?
9
Suppose 2*g = -5*z - 19, g = 2*z + 7 - 3. Let f = z + 3. Calculate the remainder when 10 is divided by (-4)/6*(-9 + f).
4
Suppose -5*t + 10*t - 120 = 0. Let c be ((-6)/(-9))/((-4)/(-54)). Let a = 4 + c. Calculate the remainder when t is divided by a.
11
Suppose -16 + 72 = 2*a. Calculate the remainder when a is divided by 8.
4
Suppose 12*g + 72 = 16*g. Calculate the remainder when 34 is divided by g.
16
Let s = 8 + 0. Calculate the remainder when (3 + 1)*46/8 is divided by s.
7
Let g = 67 - 55. Calculate the remainder when 47 is divided by g.
11
Let d = -2 + 5. Suppose -d*f + 72 = -5*n - 97, 2*f = 6. Let l = n + 59. Calculate the remainder when l is divided by 14.
13
Suppose 5*f - 160 = -5*l, -256 = -5*f + l - 72. Let v(t) = 9*t + 1. Calculate the remainder when f is divided by v(2).
17
Let i = -128 - -151. Calculate the remainder when 67 is divided by i.
21
Let c(d) = 2*d**2 - 8*d - 11. Calculate the remainder when 179 is divided by c(6).
10
Suppose 0 = -m - 2*m + 9. Suppose 5*b = 3*r - 38, -b + 2*b - 14 = -m*r. What is the remainder when r is divided by 2?
0
Let v(w) = w**3 + 2*w**2 - w - 3. Suppose 2*h = 2*d - 20, 3*h = 5*h. Calculate the remainder when v(3) is divided by d.
9
Suppose i = 3*i - 118. Calculate the remainder when i is divided by 31.
28
Let f be (4 - 2) + (1 - 6). Let z(r) be the third derivative of r**5/30 - r**4/8 + 2*r**3/3 - 4*r**2. Calculate the remainder when z(f) is divided by 11.
9
Suppose -6 = 2*d - 5*d. Suppose 3*c + 5*w = -7, 0 = -3*c - 3*w + 2*w + 13. Calculate the remainder when c is divided by d.
0
What is the remainder when 45 is divided by 13*1 + 5/(3 - 8)?
9
Calculate the remainder when (-47)/(-3) - ((-28)/(-6) - 4) is divided by 4/16 + (-62)/(-8).
7
Let h(j) = j**3 + 5*j**2 - 17*j + 1 + 7*j + 13*j. Calculate the remainder when h(-3) is divided by 3.
1
Let q = -13 - -21. What is the remainder when 13 is divided by (q/(-4))/